-5)) + 5?
-1
What is the value of -7 + -3 + 7 + 2?
-1
Calculate -4 + (-2 - -4 - -2).
0
Calculate (-5 + 9 + 0 - 0) + -8.
-4
What is the value of -7 + 10 - (2 + 1) - -3?
3
Evaluate -2 - (-7 - (-11 - -6)).
0
-2 + 0 - (7 - 9)
0
What is -6 + (-6 - -5) + 11?
4
Evaluate (-9 - -11) + 3 + (3 - -1).
9
What is the value of -17 + 10 - (-1 - 8)?
2
What is the value of -5 - 3 - (20 + -35)?
7
-2 - ((-5 - -2) + 1) - 2
-2
Evaluate -6 + 2 + 5 + (-3 - -1).
-1
Calculate (-4 - (2 + -5)) + 1.
0
What is the value of -5 + -9 + (13 - (6 + 0))?
-7
Evaluate 23 + -22 - (-1 - 0 - 1).
3
-1 + 4 + -1 + -1 + 2
3
Evaluate 4 - (-2 - (-6 - -5)).
5
Calculate -3 + 4 - (11 - 6).
-4
Evaluate -45 + 38 - (-14 + 2).
5
What is 4 - (1 + -1) - (-4 - -4)?
4
What is the value of 8 - (-2 + 3 - -2) - -2?
7
What is the value of -6 + 18 - (-7 + 15)?
4
(-2 - (2 + 0 - 3)) + 3
2
What is the value of -3 + -1 + (0 - -5)?
1
(-19 - -22) + 14 - (7 - 0)
10
What is the value of 3 - 10 - (-4 - (-1 - 1))?
-5
Calculate (-5 - 7) + 6 + 6.
0
-2 + 2 + -3 - (-4 + 1)
0
Evaluate -4 + 0 + (8 - 7) + 5.
2
Evaluate -3 + (-5 - -14) + -5 - -7.
8
What is the value of (6 - 17) + (11 - 3)?
-3
Calculate -72 + 81 + (-3 - -1).
7
7 - (1 + 1 + 0)
5
1 - (1 - 0) - (-6 - -3)
3
-5 + 3 + 7 + -8
-3
Calculate -2 - -3 - (-3 - -2).
2
What is -7 + 4 + 1 - -7?
5
What is 5 + (-9 - 4) + (0 - -4)?
-4
What is -7 + 1 - (11 - (26 + -3))?
6
Evaluate 4 + 7 + (-7 - 1).
3
1 + 0 - -13 - 8
6
What is 12 - (-3 + 16 + -6)?
5
(22 - 15) + (1 - 13)
-5
Evaluate 9 - (4 - (-2 + 2)).
5
Evaluate 3 + -3 + 2 + -4.
-2
What is -15 + 0 + 6 + 3?
-6
Calculate -7 - (-8 + (9 - 5)).
-3
What is the value of 4 + -5 - (-1 + -3)?
3
1 + -7 + 2 + -1
-5
Evaluate (9 + -6 - -1) + -4.
0
What is the value of 0 - ((-11 - -18) + (0 - 1))?
-6
Evaluate (10 - -1) + -4 + -2.
5
What is the value of 5 + (-2 - 10) + 2?
-5
-2 - (6 + (7 + -13 - -2))
-4
7 - (-8 + 5 - -5)
5
(-28 - -31) + -1 + 2 + 1
5
3 + -3 + 3 - -1
4
What is 9 + 1 + -8 + 5?
7
Evaluate 3 - -1 - (2 - (-1 - -2)).
3
(-5 - -8) + -5 + 0 + 1
-1
What is the value of -8 - (-2 - (5 + -4 - 0))?
-5
What is the value of (-18 - -22) + -1 + 0 + -6?
-3
Calculate -1 - (-3 - (-1 + -3 - -1)).
-1
-4 - -4 - -1 - -1
2
Evaluate 2 + 9 - (10 + 6).
-5
17 + -13 + -6 + 3
1
Calculate -4 - (1 - (-2 - -11)).
4
What is -3 + 2 + 3 + -2?
0
Evaluate (8 + -3 - -2) + -3.
4
What is the value of 6 - (1 - -4 - -1) - -2?
2
Calculate -23 + 36 + -8 - (-3 + 0).
8
-14 + 18 + (-5 - 0)
-1
Calculate 5 + 0 + -4 - (0 - -3).
-2
Calculate -2 + 23 - (-18 - -22) - 8.
9
(0 - (1 + -2 + -1)) + -6
-4
(-1 - -3 - 6 - -1) + -4
-7
-1 - -4 - (2 + -1)
2
What is 3 + -12 + 3 + 3?
-3
(-8 - -2 - -1 - -9) + -2
2
Evaluate (0 - -1) + (28 - 32).
-3
What is ((3 - -5) + -4 - 5) + 4?
3
Evaluate (-6 - (2 + -4 - 0)) + 1.
-3
Calculate 2 - (-1 + (0 - 2)).
5
-8 + -8 + 25 + -3
6
Calculate (-2 + 0 - -2) + 3 + -2.
1
What is the value of -2 + 0 + 5 + (1 - 3)?
1
-2 - -1 - (6 - 8)
1
What is the value of -4 + 0 - -4 - (1 + -3)?
2
What is -4 - -5 - (2 - 6 - -6)?
-1
What is (18 + 8 - 6) + -11?
9
What is the value of -2 + 0 + 5 + (-4 - -2)?
1
What is the value of -13 + 6 + 11 - 2?
2
Evaluate -4 + -6 + 11 + 1 + 0.
2
What is (3 + 7 - 6) + -10?
-6
Evaluate 1 - (-3 + 0 - (-9 - -4)).
-1
Evaluate -7 - -2 - (-56 - -50).
1
Evaluate (-4 - 2) + 1 - (-2 - -2).
-5
Evaluate (2 - -1 - 2) + (2 - 1).
2
What is -5 + (-58 - -63 - (0 + 6))?
-6
Evaluate 4 + (8 - 8) - -4.
8
(-5 - (-2 - -1)) + 3 - -1
0
What is (3 - -3) + (-15 - -13)?
4
Evaluate -6 - (-2 + (-8 - -2)).
2
-7 + (1 - 5) + 10
-1
What is the value of (-7 - -3) + (9 - 1)?
4
Calculate 3 + -2 - (-11 + 7) - 5.
0
What is the value of 31 + -21 + (1 - 3)?
8
What is (-2 - -5) + -5 + 5?
3
Evaluate 1 + -12 + (1 - -5).
-5
Calculate -7 + 4 - 1 - -9.
5
(0 - (-3 + 3) - 3) + 5
2
(2 - -1) + 1 - (-35 - -40)
-1
What is -2 + 2 + -1 + 0 - 1?
-2
Evaluate -2 + 0 + (-13 - -10) + 0.
-5
Calculate -1 - (-10 + 10 + -4).
3
What is the value of -6 + 4 + (2 - 2)?
-2
Evaluate -3 + 4 - 2 - (3 + 0).
-4
What is the value of (-4 - 0 - -8) + 1?
5
Evaluate 1 - (1 + 6 + -1 + -3).
-2
Evaluate 3 + (3 + -2 - 1).
3
Evaluate (88 - 88) + (0 - -2) + 2.
4
What is 14 + (-14 - -13) + -13?
0
Calculate (-59 - -56) + (-2 - -10).
5
Evaluate 11 - (3 + 5 + -1).
4
What is the value of 10 + 0 + -8 + 7?
9
Calculate -7 - -4 - -4 - -5.
6
What is the value of -1 - (0 - -1) - (0 + 2)?
-4
-116 + 121 - (2 + 6 - 1)
-2
Evaluate 0 + 6 - ((4 - 13) + 13).
2
What is the value of (252 - 247) + -1 + -10?
-6
-1 - 1 - (2 + -4)
0
Calculate -5 + 4 - (-3 + 0 + 1).
1
Calculate 4 + -3 - (-5 - -3).
3
Calculate -9 + (-6 - (7 + -18)).
-4
Evaluate -3 - (2 - -1 - 3).
-3
Calculate (-17 - -12) + (4 - 0) + 3.
2
Evaluate -4 - 0 - (3 + -7).
0
-6 - -9 - -5 - 3
5
What is 8 + (1 + -2 + 2 - 4)?
5
What is -1 + 2 + -1 - (-140 - -145)?
-5
What is -9 + 15 - 1 - (-4 - -6)?
3
What is -8 + 1 + (-3 - 2) + 7?
-5
7 + -8 - (-6 - -3)
2
What is -8 + (0 + 0 - -3)?
-5
0 + 2 - 6 - (-4 + 3)
-3
-3 - (2 + 1) - (3 + -15)
6
What is the value of 3 - (-1 - 1) - 5?
0
What is the value of 88 + -85 + (1 - 1)?
3
0 - (1 + -3 + 0)
2
What is the value of 2 - 10 - (3 + -8 + 2)?
-5
Evaluate -6 + 4 - -5 - 5.
-2
Evaluate 4 + 2 - (-13 + 11).
8
What is -5 + 5 + -2 + -4 + 6?
0
Calculate 19 - (4 + 0) - 17.
-2
What is -2 + 3 + 10 + -7?
4
What is the value of (1 - 2) + 2 + -2?
-1
What is (2 - 5 - -7) + -10 - 4?
-10
What is -2 + (-1 - 2) + 3 - -4?
2
Evaluate 6 - (7 + (-7 - 0)).
6
Calculate -2 + 0 + (0 - -3) + 0.
1
Calculate 14 - (18 + -9) - 7.
-2
1 + -3 + (20 - 17) - 1
0
Calculate -2 - (0 + -1) - 2.
-3
What is the value of (-21 - (-23 - -10)) + 5 + 0?
-3
What is 5 + -9 - (-4 - -1)?
-1
Calculate 7 + -21 + 8 - (-3 - -1).
-4
2 + -3 + 7 + -4
2
Evaluate 4 + (4 - 12) + -4.
-8
4 - (1 - (4 + -6))
1
Evaluate (6 - -5) + -7 + -5.
-1
5 - (4 - (-3 + 5 - 4))
-1
Evaluate (6 - -7 - 12) + 1 + -6.
-4
Calculate (1 - 1) + -31 + 27 + 2.
-2
Calculate (2 + 0 - 5) + 4.
1
Calculate (-1 - 2 - 0) + -1.
-4
1 + 10 + -12 + -8
-9
Evaluate (-8 - -2) + 12 + -9.
-3
What is the value of -10 - -14 - (-2 + (5 - -5))?
-4
What is the value of 4 + -18 + 28 - (4 + 0)?
10
Calculate (-1 - -5) + (-3 + 3 - 6).
-2
Evaluate -3 + 1 + 2 - (-17 + 18).
-1
What is the value of (-2 - 1 - (8 - 15)) + -5?
-1
What is the value of (-6 - (5 + -11)) + -10?
-10
Evaluate -7 - (-6 - -2) - -7.
4
What is the value of 3 + (-6 - -7) + 1 + -5?
0
What is the value of 2 + (-2 - 1) - 3?
-4
What is the value of 9 + 0 + 1 - (20 - 16)?
6
(11 - (-7 + 26)) + 11
3
Evaluate (5 - -1) + -3 - (-4 + 4).
3
Calculate -2 - (-9 + -3 + 8).
2
What is -3 - (11 + -8 - (2 + 1))?
-3
3 + -7 + 3 + (1 - 6)
-6
Calculate 1 + -1 + -4 + 4 + -4.
-4
Evaluate (-4 - -3) + 2 + -2 + -2.
-3
What is 0 - -3 - (13 + -13 + 1)?
2
-6 + (7 - 6) + 12
7
-8 + -1 - (5 + -8) - -2
-4
What is (2 - (-4 - -12)) + 8 - 5?
-3
What is the value of 2 - (5 + (0 - 0 - 0))?
-3
Evaluate -10 + (5 - 0) - -9.
4
Evaluate -4 + -8 + (19 - 4).
3
(2 - 1 - -2) + (0 - 4)
-1
What is the value of (3 - 5) + 1 + 0 + -2?
-3
What is -6 + -3 + (19 - 12)?
-2
Evaluate 30 - 22 - (4 - -1).
3
What is the value of -1 - (7 + -1 + -2)?
-5
What is the value of -3 + (-1 - -1 - 2)?
-5
(-1 - (7 + -9)) + -4 + -1
-4
What is -6 + 14 - ((3 - -1) + 0)?
4
What is the value of -6 - ((-14 - 5) + 14)?
-1
Calculate -10 + 2 + 1 - (2 + -4).
-5
What is the value of (0 - (3 - 7)) + -3?
1
Evaluate 1 + -8 - (36 + -42).
-1
What is 0 - -9 - 6 - (2 + 3)?
-2
What is -7 + -5 + (-1 - -3) - -4?
-6
What is the value of 18 + -14 + 12 + -7 + -2?
7
Evaluate -10 + 2 - (-8 + 3).
-3
What is -7 - (12 - (-3 + 12))?
-10
2 + 0 + (-1 - (-2 - -4))
-1
Evaluate 2 + (4 - (-5 + 7)).
4
Calculate (15 - 20) + (1 - -2 - 2).
-4
What is the value of 10 + (12 - 14) - 7?
1
Evaluate 1 + -6 - (3 + -3 + -4).
-1
Evaluate 1 + -1 - (7 + -8).
1
Evaluate (-10 - (-6 + 0)) + 5.
1
What is 0 + 0 + -5 + (5 - 3)?
-3
Evaluate -8 + (8 - 8 - (1 - 4)).
-5
Evaluate (-5 - -6) + -6 + 0.
-5
-4 + (-1 - (2 + -2))
-5
Evaluate 9 - (2 + -7) - 6.
8
What is the value of (-1 - (0 + 5)) + 4?
-2
Calculate 3 + 1 - (157 + -161).
8
Calculate -7 - (3 + -4 - 1).
-5
What is (-11 - -8) + (8 - 7) + -9?
-11
What is -2 - (6 - 10) - 4?
-2
What is the value of -1 - -5 - (-13 + 24)?
-7
Evaluate -5 + -9 + 19 + (2 - 0).
7
-12 + (12 - (6 - 2 - -3))
-7
What is the value of (-5 + 3 - (2 + 3)) + 8?
1
-12 + 12 + -7 - -7
0
Calculate -5 - -7 - (4 + -3).
1
Wh